+ g**5/120 - 13*g**4/12 - 4*g. Let a(x) be the third derivative of r(x). Calculate a(1).
-1
Suppose -376 = -5*s - 3*t, 1 = 3*t - 5. Let b(i) = -37*i**3 - 4*i**2 - 2*i + 1 + s*i**3 - 40*i**3. Give b(-2).
13
Let i(p) be the second derivative of -2*p**3/3 + p**2/2 + 590*p. Let v be (-1 - (1 + -1))*0. Let f = -1 - v. Calculate i(f).
5
Let j be (-5 + 7)/(-2) + -3. Let m(s) be the first derivative of -2*s - 1/3*s**3 - 3 - 3/2*s**2. Give m(j).
-6
Let u(q) = -2*q - 6. Let p = -30 + 55. Suppose -p = 5*x, 3*n - 4*x - 40 = n. Suppose 5*d + 4*t = -38, -t = 4*t + n. Calculate u(d).
6
Let u(y) = y + 6. Let f(t) = -8*t + 101. Let x be f(14). Determine u(x).
-5
Let f(r) be the first derivative of -4*r - 4 + 4/3*r**3 - 1/2*r**2 - 1/4*r**4. Let v be (9/12)/((-1)/(-4)). Give f(v).
2
Suppose -y + 10 = -4*z, z - 4 - 39 = -3*y. Let b(t) = y*t + 6*t - 18*t + 6. Determine b(-4).
-2
Let s be 9/(4 - (0 + 5)). Let j(k) = k**3 - 7*k**2 - 3*k - 6. Let g(x) = -x**3 - x**2 + x + 1. Let i(b) = 2*g(b) + j(b). Determine i(s).
5
Let r(q) be the second derivative of 15*q - 7/3*q**3 + 0 + 0*q**2. What is r(1)?
-14
Let u = -25 - -27. Suppose u*o + o + 3*d = -3, -2*o = 5*d + 8. Let q(g) = 14*g**3 + g**2 - g. Determine q(o).
14
Let z(o) = 2*o**2 - 21*o - 10. Let d be z(11). Let f be (-8*d)/2 + 1. Let s(a) = -a**2 + 1. Calculate s(f).
-8
Let o(g) = -5*g**3 + 5*g**2 + 7*g + 1. Let f(s) = 4*s**3 - 5*s**2 - 6*s. Let d(a) = -6*f(a) - 5*o(a). Calculate d(-5).
-10
Let r(t) = -t**2 - 12*t - 9. Let y be 21*21/49*4/(-3). Calculate r(y).
-9
Let d(q) = -q + 16. Let p be d(10). Let g = 4 - p. Let j(c) be the first derivative of -c**2/2 - 2*c + 1. What is j(g)?
0
Suppose v = 5*b - 37, 24 = -v - 3*b - 21. Let k be ((-14)/v)/(1/15). Let q(m) = -m**2 + 3*m + 5. Give q(k).
-5
Let p(o) = -4*o**2 - 2*o - o**3 + 5*o + 2 - 2. Suppose 598*w + 55 = 587*w. Give p(w).
10
Let v(a) be the second derivative of -5*a**3/3 - a**2/2 + 3*a. Let w be -4 - (5 - (2 + 8)). What is v(w)?
-11
Let w(f) = -11*f**2 - 15*f + 8. Let k(t) = -7*t**2 - 10*t + 5. Let z(j) = 8*k(j) - 5*w(j). Determine z(-6).
-6
Suppose 2 = 5*k - 3. Let u(i) be the second derivative of i**4/24 + i**3/6 - 6*i**2 + 15*i. Let q(s) be the first derivative of u(s). Determine q(k).
2
Let m(d) = -2*d. Let g(x) = -12*x - 6. Let h(p) = -2*g(p) + 15*m(p). What is h(8)?
-36
Let r be (-2)/3*81/(-2). Suppose 5*i = 15, 2*u + i - r = -0*u. Suppose 16 = -3*m - 5*j + 1, 4*m = -4*j - u. Let t(x) = -x + 4. Give t(m).
4
Let g(j) = -3*j + 0 + 0. Suppose 29 = -20*i + 9. Determine g(i).
3
Let g(y) = y - 1. Suppose i = 4*x + 2*i - 4, 3*x - 4*i = 3. Determine g(x).
0
Let i = 17 - 13. Let o(x) = -2*x + 4*x - i - 7*x + 3*x. Determine o(-5).
6
Let n = -24 + 59. Let f = n + -31. Let r(s) = -s**3 + 3*s**2 + 5*s + 1. What is r(f)?
5
Let p(v) be the second derivative of -1/6*v**3 + 0 - 9*v + 7/2*v**2. What is p(7)?
0
Let d(n) = -4*n**2 + 2. Let u be d(2). Let a be (u/(-4))/(5/(-10)). Let s(p) = p**2 + 7*p + 1. Give s(a).
1
Suppose 1 = -4*u + 5*y + 32, -2*u = y - 5. Let g be 18/(-3)*(-2)/u. Let m(h) be the second derivative of -h**4/12 + h**3/2 - h**2 + 37*h - 2. Calculate m(g).
-2
Let d(w) = 5*w + 27 - 71 + 3*w. What is d(6)?
4
Let t(i) be the first derivative of -i**4/4 + i**3/3 + i**2/2 - i + 169. Calculate t(1).
0
Let t(q) = -2 + 3 + 7 + 2*q**2 - 11 + 7 - 46*q. Calculate t(23).
4
Let h(j) be the third derivative of -j**6/120 + 3*j**5/20 - j**4/3 + j**3 - 234*j**2. Calculate h(8).
6
Let p(z) = -2*z**3 - 8*z**2 + 8*z - 8. Let l(s) = -5*s**3 - 15*s**2 + 15*s - 16. Let y(d) = 3*l(d) - 7*p(d). Let k = 31 + -21. Calculate y(k).
-2
Suppose -35 = 5*c + 5*g, 2*c - 3*g = -16 - 8. Let n(l) = -2*l - 8. Calculate n(c).
10
Let z(b) = -b**3 + 5*b**2 - 2*b + 5. Suppose -d = -3*o - 13, -5*d - 3*o + 53 = -6*o. Suppose 3*v - p - d = 2*v, -5 = p. Determine z(v).
-5
Let i(b) be the third derivative of -b**6/120 + b**5/5 - b**4/24 + 11*b**3/6 + 222*b**2. Calculate i(12).
-1
Let m(b) = -b**3 + 7*b**2 - 7*b + 2. Let a be (-162)/(-9)*2/(-4). Suppose 5*o = 2*o - 3. Let s be a*(o + (-4)/(-12)). Determine m(s).
-4
Suppose 4*x - 91 = 5*d - 152, -54 = 4*x + 2*d. Let y(a) = -4*a - 11. Give y(x).
45
Let s = -36 - -15. Let f = s + 27. Let c(q) = 9*q**2 + 2 - f*q**3 - 5*q + 5*q**3 - 5*q**2. Determine c(3).
-4
Let f(l) = l + 10. Let g(m) = m + 18. Let x(n) = -5*f(n) + 2*g(n). Give x(-4).
-2
Suppose -6 = -j - 4. Let b be (j/(-4))/(1/4). Let w(y) = -4*y - 1. Calculate w(b).
7
Let t(h) = -h**2 + 3*h - 6*h + 5 - 3*h. Suppose -3*s + 2*r - 164 = -7*s, 141 = 3*s - 3*r. Suppose 35 + s = -13*d. What is t(d)?
5
Let t(q) = 5*q**2 + 7. Let s(c) be the second derivative of 2*c**4/3 + 5*c**2 - 3*c. Let w(m) = -5*s(m) + 7*t(m). What is w(-1)?
-6
Let l(u) = 83*u**2 - 26*u**2 - 2*u - 56*u**2. Suppose -d + 1 = -3*g + 20, -4*g - d + 16 = 0. Suppose 18 = 4*r - 5*a + 2*a, -4*a = g*r - 7. What is l(r)?
3
Let i(t) = -213 + 106 + 111 - t. Calculate i(-3).
7
Let w(a) be the third derivative of a**4/24 + 14*a**3/3 + 18*a**2. Let b be w(-20). Let r(u) = -u**3 + 7*u**2 + 8*u + 6. What is r(b)?
6
Let p(w) = -w**3 - 2*w**2 - 3*w - 1. Let v = 154 + -140. Let r = -16 + v. Calculate p(r).
5
Let h(y) = y**2 - 4*y**3 - 1 + 3 + 3*y**3 + y. Let g = 12 + -9. Let j be 1 + (-6)/(-9) + 1/g. Calculate h(j).
0
Let n(f) = 5 + 2*f**3 + 4*f**3 - 4*f**3 - 4*f**3 + 3*f**3 - 7*f - 5*f**2. What is n(6)?
-1
Let w(c) = -c**2 - 5*c + 10. Let t(g) = -5*g**2 - 24*g + 49. Let m(p) = -2*t(p) + 11*w(p). Let i(u) be the first derivative of m(u). Give i(5).
-17
Let g(z) = -z + 2. Let q = -1267 - -1263. What is g(q)?
6
Suppose o - 4 = 3*o. Suppose 5*j - 84 = 3*j. Let f(s) = 3 + j*s + 38*s - 78*s + s**2. Give f(o).
3
Let b(h) be the second derivative of -h**4/12 - 5*h**3/3 - 6*h**2 + 345*h. Determine b(-5).
13
Suppose -5*i = -c - 12 - 32, 3*i - 3*c - 24 = 0. Let v(x) be the third derivative of 0 + 0*x**3 + 1/6*x**4 + i*x**2 + 0*x. Determine v(-3).
-12
Let y(j) = 3*j**2 - 8*j + 16*j + j**3 - 10*j. Suppose -5*b + 13 = 3*n, -3*b = -2*n - b - 18. Give y(n).
-8
Let s(v) = 4*v - 3. Let g(r) = -4*r + 4. Let m(a) = 2*g(a) + 3*s(a). Let y be ((-1)/(-2))/(6/120). Let f = -12 + y. Give m(f).
-9
Suppose -5*b - 5*t - 143 = -6*b, 5*b = 3*t + 737. Let l = 154 - b. Let x(v) = 2*v - 7. Determine x(l).
5
Let g(i) = -3*i + 1. Let u be 4/6 - ((-588)/(-18))/(-2). Suppose 4*v + 1 = -a + u, v - 2*a + 5 = 0. Calculate g(v).
-8
Suppose 3*w - 9 = 3*n, -2*w = 3*n - 26 + 25. Let g(o) be the first derivative of o**3/6 + o**2/2 - 3*o - 4. Let m(b) be the first derivative of g(b). Give m(n).
0
Let h(l) be the first derivative of -5 - 7/3*l**3 + 4*l**2 - 2*l - 1/4*l**4. What is h(-8)?
-2
Let o(q) = -31*q - 41*q - 12*q**2 + q**3 + 130*q - 47*q + 16. Determine o(11).
16
Let k(v) = v**2 + 2*v. Let j(n) = 3*n**2 + 10. Let t(h) = j(h) - 4*k(h). Suppose 14 + 18 = -4*m. Determine t(m).
10
Let k(i) = -2*i**3 - i**2 + i. Let g = -57 - -55. Let v be 1/(-3 + 4 - 0/g). Calculate k(v).
-2
Let b(d) = d - 11. Let j be -3 + 8 + (-1 - -6). What is b(j)?
-1
Let o(s) = 21 + 26 + 29 - 98 + 28 - s. What is o(9)?
-3
Let b = -1 - -1. Let q(j) = -2*j + 8. Let g(t) = -8*t + 33. Let l(n) = -4*g(n) + 18*q(n). Let d(z) = 3*z - 13. Let h(u) = -3*d(u) - 2*l(u). Determine h(b).
15
Suppose 11*p - 9*p - 22 = 2*r, -5*r + 25 = 0. Let n(v) = -v**3 + 17*v**2 - 15*v - 1. Calculate n(p).
15
Let h(r) be the second derivative of -r**2/2 + 15*r. Let n(j) = -j - 7. Let z(f) = 6*h(f) - n(f). Give z(-8).
-7
Let t(s) = 3*s**3 - 201*s - 7*s**2 + 3 + 210*s + 7. Let k(d) = -4*d**3 + 6*d**2 - 9*d - 10. Let r(n) = 2*k(n) + 3*t(n). What is r(7)?
-25
Suppose 14 + 6 = 4*z. Suppose -z*t - 35 = 4*g, 6*t + 2*g + 34 = 2*t. Let c = t + 11. Let i(q) = q**2 - q + 1. Calculate i(c).
1
Suppose 0*k = 17*k - 17. Let s(g) = 11*g**2 - g + 1. What is s(k)?
11
Let y(x) be the second derivative of -7*x + 0 - x**2 + 1/3*x**3. Give y(-2).
-6
Let q(u) = -u - 1. Let c(w) = 3*w + 3. Let j(k) = c(k) + 4*q(k). Suppose -7 = 3*o - 5*h, 3*h + 2*h + 5 = 5*o. Let g be (-1)/(4/o - 42/90). What is j(g)?
4
Let p(i) be the second derivative of i**4/12 + i**3 + 4*i**2 - 16*i. Determine p(-5).
3
Let q(p) = -2*p**2 - 6*p - 1. Let h = 32 + -17. Suppose 3*j = 6*j - h. Suppose 4*f + 4*k = 4, k + 20 = j*k. Give q(f).
-9
Let c(m) = 4*m**2 + 2*m - 10. Let j(y) = -4*y**2 - 4*y + 14. Let g(h) =